 n. What is the highest common factor of p and q?
6
Let z(h) = -10*h - 350. Let k be z(-41). Calculate the highest common divisor of 540 and k.
60
Let g be 11/132*-6*2*-7. Calculate the greatest common divisor of 189 and g.
7
Let p = -12 + 0. Let u be p/((-3)/4*2). Let s be (-1 - -26) + (2 - 3). What is the greatest common factor of s and u?
8
Suppose 10 = -4*p + 6*p. Suppose -3*q - 3 = -4*g - 43, 2*q - 65 = -p*g. Suppose -x + 3*x = q. Calculate the greatest common divisor of 50 and x.
10
Suppose 0 = 6*y + 6*y - 36. Suppose 33 = 5*x + y. What is the greatest common divisor of 42 and x?
6
Suppose 25*a - 11*a = 1764. What is the greatest common divisor of a and 84?
42
Let v(m) = -m**3 + 7*m**2 - m + 18. Let b be v(6). Let s = -36 - -68. What is the highest common divisor of b and s?
16
Let f be (-55)/10 - (-2)/4. Let k(u) = -15*u - 3. Let z be k(f). Suppose 2*n + z = 6*n. What is the greatest common factor of n and 18?
18
Let o be (-2)/11 + 1768/44. Calculate the greatest common factor of 380 and o.
20
Let z = 6 - 2. Suppose -z = s - 32. Let g be 6/(-93) + (-4344)/(-62). What is the greatest common factor of s and g?
14
Suppose -4 = -5*j + 4*l, -l - l = 2*j - 16. Let y(o) = 5*o**2 + 2*o - 16. Let t be y(j). Calculate the greatest common divisor of t and 9.
9
Let a(y) = -6*y - 6*y**2 - 15*y**2 + 8 - 35 - y**3 + 26*y. Let o be a(-22). Let r be ((-34)/(-4))/((-1)/(-2)). Calculate the greatest common divisor of o and r.
17
Suppose -3*k + 5*k = 5*v - 391, -2*v - 4*k = -166. Let x = v + -65. Suppose -85 = -5*i + 20. Calculate the highest common divisor of x and i.
7
Suppose 0 = -2*v + j + 46, 3*v - 3*j + 78 = 6*v. Suppose 0 = -5*b - 40 + 640. What is the highest common divisor of v and b?
24
Let q = 426 + -398. What is the highest common divisor of q and 532?
28
Let d(r) = r**2 + 9*r + 9. Let m be d(-8). Let c be (m + -81)/(-4)*2. What is the highest common factor of 5 and c?
5
Let h(v) = 4*v + 31. Let p be h(-4). What is the highest common factor of 435 and p?
15
Suppose w + 4*w = 30. Let v be (-10)/(-4)*w + 0. Let c be (-891)/(-15) - 81/(-135). What is the greatest common factor of c and v?
15
Let p(y) = y**3 + 10*y**2 + 8*y - 7. Let v be p(-9). Suppose 0 = -3*h + v + 82. What is the highest common divisor of h and 14?
14
Suppose -56 - 8 = -4*s. Let f(p) = p**3 + 5*p**2 + 4*p + 4. Let b be f(-4). Calculate the highest common divisor of b and s.
4
Let v = 460 + -265. What is the highest common factor of v and 78?
39
Let l(v) = v**2 + v + 126. Let n be l(0). Let w(z) = z**2 - 15*z + 18. Let c be w(13). Let t be 24*2/c*-3. What is the highest common divisor of n and t?
18
Let d be 40 + (0 + 1)/(-1). Let m = -55 + 50. Let g(p) = -32*p - 4. Let a be g(m). Calculate the highest common factor of d and a.
39
Suppose 0 = 6*g - g. Suppose g = m + 2*d - 14, 3*m + m = -5*d + 71. Let t = m - -72. What is the highest common factor of t and 12?
12
Suppose 4*z - 2*m - 162 = 0, -5*z - m = -209 + 10. What is the highest common factor of 60 and z?
20
Let f = 1372 + -1357. Let a = 12 + -9. Calculate the highest common factor of a and f.
3
Suppose k + k = 54. Let v(f) = -3*f - 7. Let l be v(-3). Suppose 0 = -2*j - l*j + 72. Calculate the highest common factor of k and j.
9
Suppose 33*w = 31*w + 32. What is the greatest common factor of 128 and w?
16
Let w be (-1 - 4 - -15)*26/5. Calculate the highest common factor of 4 and w.
4
Suppose -5*u - 85 = -5*h - 0*u, h + 5*u = 41. Let j = 6 - -1. Calculate the greatest common factor of j and h.
7
Suppose -2103 = -4*n - o, 22*o + 2091 = 4*n + 19*o. What is the highest common factor of n and 21?
21
Let q be 363/(-9*(-6)/36). Calculate the highest common factor of 11 and q.
11
Let k = 223 - -115. Suppose -4*f + 306 = -k. Calculate the greatest common divisor of 23 and f.
23
Let q = -1 - -6. Suppose -31 = -2*g - 5. Suppose b - g = -2*z, -5*z + z + 21 = b. What is the highest common divisor of q and b?
5
Suppose 3*g - o - 57 = 0, -36 = -2*g - 4*o + 16. Calculate the highest common factor of 340 and g.
20
Suppose -6*v + 98 - 29 = -g, v + 4*g - 24 = 0. What is the greatest common divisor of 492 and v?
12
Suppose 5*w + 27 = 137. Let k = 92 - 81. What is the highest common factor of k and w?
11
Let h = 171 - 99. Let i = -31 + 40. Calculate the greatest common divisor of h and i.
9
Suppose 0 = -51*c - 16*c + 22512. What is the highest common factor of c and 63?
21
Let g = 17 - 10. Let x(o) = 2*o + 7. Suppose 6*w - 2*w - 5*d - 5 = 0, -4*d - 4 = w. Let s be x(w). What is the greatest common divisor of g and s?
7
Suppose 12 = 8*z - 5*z. Suppose 2*w + 3*d + 18 = -w, z*w = -5*d - 27. Let u = 13 + w. What is the highest common factor of 15 and u?
5
Suppose 0 = 5*i - 8*i - 2*k + 462, -5*k = -2*i + 308. Let g = i + -33. What is the greatest common factor of g and 11?
11
Suppose 2*z - 196 = -5*z. Suppose -22 = -3*o - o - n, -4*o = -2*n - z. What is the greatest common factor of o and 42?
6
Suppose -4*a + 2*r = -42, 0 = -2*a - 3*r + 5*r + 20. Let s = -19 + 20. Let l be (2 - s) + a + -9. What is the greatest common factor of 1 and l?
1
Let d be (-69)/(-253) + 1132/44. Calculate the greatest common factor of d and 533.
13
Let s(f) = -2*f**2 + 63*f - 64. Let m be s(23). What is the highest common factor of m and 109?
109
Let k be 6/8 - 90/(-72). Calculate the highest common divisor of k and 66.
2
Suppose 5*k + 6 + 7 = -2*p, -2*k - 2 = 4*p. Let i be p/(5/2 + -2). Let h be (14/i)/((-1)/(-2)). What is the greatest common divisor of h and 21?
7
Suppose 5*k = k + 28. Let b(o) = -o**3 + 9*o**2 - o - 7. Let d be b(k). Let g = 9624 + -9612. Calculate the highest common factor of g and d.
12
Suppose 23*m - d + 294 = 26*m, -3*m + 282 = 5*d. What is the greatest common factor of 77 and m?
11
Let x(z) = 8*z + 54. Let b be x(-6). Calculate the greatest common divisor of b and 321.
3
Suppose -103 = -11*y + 7*y + 5*c, 0 = 4*y + c - 85. Calculate the highest common divisor of 55 and y.
11
Let a(t) = -3*t + 4. Let c(v) = -9*v + 11. Let n(j) = 8*a(j) - 3*c(j). Let b be n(6). What is the greatest common factor of 119 and b?
17
Let j(w) = -w**3 + 9*w**2 - 7*w + 1. Suppose -3*r + 10 = -14. Let l be j(r). Calculate the greatest common factor of l and 9.
9
Let b = 331 - 321. What is the greatest common divisor of 1060 and b?
10
Suppose 3*z - 69 = -3*c, 4*z + 23*c - 25*c - 74 = 0. What is the greatest common factor of z and 10?
10
Suppose 5*f = -0*f + 120. Suppose -3*g + g + 276 = 0. Suppose 2*y - 4*a + 50 = g, -y - 2*a = -52. What is the highest common divisor of y and f?
24
Suppose -3*x = a - 194 - 119, 5*x - 2*a - 518 = 0. Let t = -23 - -3. Let c = t + 33. What is the highest common divisor of c and x?
13
Let y be ((-12)/(-3) - 9) + 1 + 2. Let u be (-36)/(-12) + (59 - y) + 2. Calculate the greatest common factor of 6 and u.
6
Let h be 4/(-10) - 344/(-10). Let a = -16 + 26. Suppose -s + 27 = a. What is the greatest common divisor of s and h?
17
Let c = 0 - -16. Let k be (-190)/(-6) + 1/3. What is the greatest common factor of c and k?
16
Let h = 2364 + -970. Calculate the highest common factor of h and 82.
82
Suppose 5*b + 5*r = 2575, -5*b + 4*r - r + 2599 = 0. Calculate the greatest common factor of b and 74.
74
Let t(m) = 5*m**2 + 11*m + 4. Let n = -40 + 36. Let b be t(n). Suppose 0*d - 40 = -5*d. What is the highest common divisor of b and d?
8
Let g(l) = l**2 - 4*l + 14. Let h(j) = 3*j**2 - 12*j + 42. Let f(d) = 7*g(d) - 2*h(d). Let u be f(4). What is the highest common divisor of 126 and u?
14
Let m = -7 - -10. Suppose 5*a = -2*x + 9, -2*x + 0 = -5*a + 1. Suppose 3*c - 61 = -x*i, c - 3*i + 7*i - 17 = 0. Calculate the highest common divisor of c and m.
3
Let w(r) = -4*r**2 - 12*r - 1. Let p be w(-3). Let k be 339/18 - p/6. Calculate the greatest common divisor of 209 and k.
19
Let r(w) = -w**3 + 12*w**2 - 4*w + 106. Let k be r(10). What is the greatest common divisor of k and 76?
38
Let h(w) = 6*w**3 - 2*w**2 + 10*w - 12. Let n be h(2). What is the highest common factor of n and 39?
3
Suppose -4*m - 48 = -4*w, 13*m = 5*w + 17*m - 87. What is the highest common factor of w and 615?
15
Suppose 6*j = j + 5, -5*x = -2*j - 243. Suppose p + 14 - x = 0. What is the greatest common divisor of 14 and p?
7
Let c = 48 - 11. Let j(n) = -25*n - 40. Let m(h) = -13*h - 20. Let 